 remainder when 70934 is divided by 37.
5
What is the remainder when 115391 is divided by 115379?
12
What is the remainder when 2773269 is divided by 924411?
36
What is the remainder when 456567 is divided by 112803?
5355
What is the remainder when 338058 is divided by 112101?
1755
What is the remainder when 1337814 is divided by 684?
594
What is the remainder when 78806593 is divided by 39?
34
Calculate the remainder when 30423852 is divided by 254.
240
What is the remainder when 24241323 is divided by 667?
542
What is the remainder when 588393 is divided by 5825?
68
Calculate the remainder when 1844109 is divided by 31256.
5
Calculate the remainder when 38633499 is divided by 76.
39
What is the remainder when 44688471 is divided by 175?
121
Calculate the remainder when 4141893 is divided by 36.
21
Calculate the remainder when 2722423 is divided by 544310.
873
What is the remainder when 107716895 is divided by 1176?
1175
What is the remainder when 571345 is divided by 12146?
483
Calculate the remainder when 1304824 is divided by 275.
224
Calculate the remainder when 1870246 is divided by 1276.
906
What is the remainder when 857827 is divided by 31764?
199
What is the remainder when 322010 is divided by 107220?
350
Calculate the remainder when 555877 is divided by 5572.
4249
What is the remainder when 221583 is divided by 2743?
2143
Calculate the remainder when 13440969 is divided by 68.
21
What is the remainder when 12310 is divided by 6055?
200
Calculate the remainder when 411225 is divided by 13701.
195
Calculate the remainder when 5678886 is divided by 199.
23
Calculate the remainder when 1174491 is divided by 362.
163
What is the remainder when 277154 is divided by 24?
2
Calculate the remainder when 66382027 is divided by 5730.
5707
What is the remainder when 23039581 is divided by 23?
21
What is the remainder when 143190 is divided by 109?
73
What is the remainder when 77752 is divided by 15473?
387
What is the remainder when 358507 is divided by 358500?
7
What is the remainder when 9746028 is divided by 1624337?
6
What is the remainder when 776399470 is divided by 216?
214
What is the remainder when 72846315 is divided by 2293?
2291
Calculate the remainder when 467333 is divided by 10468.
6741
Calculate the remainder when 38950098 is divided by 4900.
4898
What is the remainder when 3485866 is divided by 19150?
566
Calculate the remainder when 1560742 is divided by 4033.
4004
Calculate the remainder when 838814 is divided by 139787.
92
What is the remainder when 15124 is divided by 2030?
914
Calculate the remainder when 191785500 is divided by 2258.
12
What is the remainder when 41681 is divided by 5175?
281
Calculate the remainder when 1880160 is divided by 645.
630
What is the remainder when 1354866 is divided by 17356?
1098
Calculate the remainder when 29355512 is divided by 4501.
4491
What is the remainder when 71268 is divided by 35420?
428
What is the remainder when 2193723 is divided by 8247?
21
What is the remainder when 2386387 is divided by 317?
11
Calculate the remainder when 82217 is divided by 39973.
2271
Calculate the remainder when 1772643 is divided by 11218.
199
Calculate the remainder when 29384878 is divided by 44931.
4
What is the remainder when 33267 is divided by 2977?
520
What is the remainder when 37175665 is divided by 844901?
21
Calculate the remainder when 17535986 is divided by 334.
318
What is the remainder when 115764 is divided by 8842?
818
What is the remainder when 225793572 is divided by 595?
592
Calculate the remainder when 7306492 is divided by 571.
547
What is the remainder when 339460 is divided by 853?
819
Calculate the remainder when 1664706 is divided by 127.
117
What is the remainder when 3498721 is divided by 1166222?
55
Calculate the remainder when 44710 is divided by 37998.
6712
What is the remainder when 29609924 is divided by 108?
104
What is the remainder when 733668 is divided by 180?
168
Calculate the remainder when 22597964 is divided by 22330.
4
What is the remainder when 146259182 is divided by 3250204?
2
Calculate the remainder when 1070277 is divided by 36.
33
What is the remainder when 397675 is divided by 397658?
17
What is the remainder when 1625635 is divided by 949?
947
What is the remainder when 21085149 is divided by 23?
14
Calculate the remainder when 124791147 is divided by 795.
792
What is the remainder when 841082 is divided by 318?
290
What is the remainder when 7262 is divided by 263?
161
What is the remainder when 30200 is divided by 1846?
664
Calculate the remainder when 9917235 is divided by 173.
10
Calculate the remainder when 1967384 is divided by 15739.
9
Calculate the remainder when 135618 is divided by 1103.
1052
What is the remainder when 106608 is divided by 3125?
358
Calculate the remainder when 18756 is divided by 2015.
621
Calculate the remainder when 128834 is divided by 340.
314
Calculate the remainder when 6074940 is divided by 2024973.
21
Calculate the remainder when 11037334 is divided by 273.
217
What is the remainder when 4812338 is divided by 356?
286
Calculate the remainder when 218418 is divided by 696.
570
What is the remainder when 844312 is divided by 253?
51
Calculate the remainder when 316938 is divided by 24379.
11
What is the remainder when 5544218 is divided by 1484?
1478
Calculate the remainder when 1827834 is divided by 388.
354
Calculate the remainder when 3776048 is divided by 755207.
13
What is the remainder when 74003 is divided by 1945?
93
Calculate the remainder when 39452204 is divided by 985.
984
What is the remainder when 222989 is divided by 20267?
52
Calculate the remainder when 18570732 is divided by 463.
265
Calculate the remainder when 1484 is divided by 685.
114
Calculate the remainder when 677893 is divided by 5130.
733
Calculate the remainder when 369059 is divided by 1848.
1307
What is the remainder when 5197914 is divided by 2548?
2542
What is the remainder when 404204555 is divided by 266?
265
What is the remainder when 47764 is divided by 6822?
10
What is the remainder when 17648802 is divided by 802?
792
What is the remainder when 113039 is divided by 564?
239
What is the remainder when 2968918 is divided by 51?
4
Calculate the remainder when 90387 is divided by 2368.
403
Calculate the remainder when 735427 is divided by 482.
377
Calculate the remainder when 283088 is divided by 141475.
138
Calculate the remainder when 89338 is divided by 4056.
106
What is the remainder when 9195907 is divided by 88?
83
What is the remainder when 326919934 is divided by 859?
855
What is the remainder when 130636 is divided by 32577?
328
What is the remainder when 456691 is divided by 57067?
155
Calculate the remainder when 21116 is divided by 816.
716
What is the remainder when 553699122 is divided by 189?
186
What is the remainder when 228543 is divided by 1866?
891
Calculate the remainder when 36846490 is divided by 335.
175
What is the remainder when 199605456 is divided by 113?
109
Calculate the remainder when 4355711 is divided by 72.
71
What is the remainder when 822546 is divided by 151?
49
What is the remainder when 224335 is divided by 2638?
105
Calculate the remainder when 157503 is divided by 135.
93
Calculate the remainder when 274429 is divided by 5488.
29
Calculate the remainder when 432492 is divided by 2820.
1032
What is the remainder when 431491 is divided by 9177?
172
Calculate the remainder when 284573742 is divided by 136.
134
What is the remainder when 15527020 is divided by 925?
895
Calculate the remainder when 61781 is divided by 5367.
2744
Calculate the remainder when 11709414 is divided by 1237.
1209
Calculate the remainder when 8587506 is divided by 29.
26
What is the remainder when 6163699 is divided by 23?
21
What is the remainder when 2238975 is divided by 305?
275
What is the remainder when 179750 is divided by 29955?
20
What is the remainder when 18818060 is divided by 17?
12
What is the remainder when 5810629 is divided by 3003?
2827
Calculate the remainder when 2547282 is divided by 712.
458
Calculate the remainder when 15518306 is divided by 500590.
16
Calculate the remainder when 932701 is divided by 256.
93
Calculate the remainder when 35444995 is divided by 1969166.
7
Calculate the remainder 